5 - -2).
1
What is (-6 - (-9 - -2)) + (-1 - -4)?
4
Evaluate (-5 - (-10 + (-5 - -5))) + -3.
2
Calculate 3 + (1 - (-5 + 3) - 1).
5
(8 - 14) + 2 + 1
-3
Calculate -3 + -1 + (2 - 1).
-3
Evaluate (-2 - (-1 - -3)) + 5 + 0.
1
Evaluate -5 + 9 + -1 + -3 + 0.
0
What is -6 + 4 - (1 - 1)?
-2
What is -5 + -3 + (-1 - 2) - -6?
-5
Calculate 8 - 6 - 6 - -4.
0
(6 - 0) + (-28 - -27) + 3
8
-7 - ((11 - 21) + -3)
6
-3 + (8 - 1 - 11)
-7
Evaluate -9 - (4 + 0 + 0 + -10).
-3
Calculate -2 - (2 - (-5 + 12 - 3)).
0
Evaluate (-15 - (1 - 8)) + 15 + 1.
8
What is 1 + 4 - 4 - 4?
-3
What is the value of (5 - 1) + -4 - (-3 + -1)?
4
Calculate (-20 - -28 - (-1 - 0)) + -6.
3
Evaluate 0 - (1 + (10 - 7)).
-4
What is the value of 3 + (1 - -1 - (1 - -1))?
3
Evaluate -2 + (-2 - (2 + -12)) + -5.
1
What is the value of 8 + (6 - 12) - 1?
1
Evaluate 1 + (4 - 6) - (6 - 1).
-6
0 - -2 - (2 - 6 - -4)
2
Calculate (-1 - -3) + -6 + (7 - 4).
-1
What is 2 + -2 - (1 + 0 - 2)?
1
-3 + -5 + (8 - -4)
4
Evaluate 3 + -4 + -1 + 3 - -2.
3
What is the value of -12 + 14 - (-2 - -11 - 2)?
-5
Calculate -5 - ((1 - 1) + -2).
-3
-1 + (-4 - -3) + -3
-5
What is -4 - (7 + (5 - 8)) - 3?
-11
(54 - 47) + -2 + -1
4
What is the value of 3 + (0 - 8) + 1?
-4
What is 1 + -1 - 2 - (6 + -5)?
-3
Evaluate -1 + (11 - (3 - 1)).
8
What is the value of (7 - 20) + 7 + 2 + -1?
-5
(2 + -6 - 0) + -7 - -5
-6
3 - (-2 + 0 - 0)
5
Calculate 1 - 3 - -2 - 2.
-2
What is the value of -3 - (-7 + -1 - (-2 + 2))?
5
Evaluate -8 + (0 - -7) + (-3 - 1).
-5
What is -7 - ((7 - 8) + -5)?
-1
Calculate (-1 - -12) + (-56 - -51).
6
Evaluate 7 + (-11 - 2 - -6).
0
What is the value of 1 - 2 - (0 + (-1 - 2))?
2
-4 - (-14 + 8 + -3) - 7
-2
Calculate 2 + -2 + -5 + 1 - -7.
3
What is the value of 4 + 2 + 16 + -31 + 15?
6
Calculate 3 + (-5 - (1 + -4)) + 6.
7
-2 + 0 + 9 - 3
4
Evaluate 60 + -47 + 1 + -8.
6
What is (-2 - 10 - -4) + 3 + 15?
10
Evaluate -5 + 4 - (-2 - 6).
7
Calculate -1 + (5 - (0 + 2)).
2
Calculate -1 - (-4 + -2) - 2.
3
What is the value of -1 - (-1 + 2 + -5 + 10)?
-7
What is -6 + 5 + 2 - (-6 - 3)?
10
-4 + (-3 + 0 - -10) - 1
2
Evaluate 4 - 3 - (3 + -2 - 0).
0
What is the value of (11 - 5 - 5) + -7 + 0?
-6
Calculate (7 - (-1 + 2)) + (-3 - 1).
2
3 + (-1 + -1 - 4)
-3
Evaluate (13 - 1) + -2 + -4 - 4.
2
2 + -4 + -20 + 23
1
Calculate 16 + -16 - (-1 + 3 - 6).
4
-8 - 4 - (9 - 20)
-1
What is (8 - 12) + 8 + 1 + 0?
5
Calculate 47 + -49 - (1 + -2 + 9).
-10
Evaluate 5 + 3 + (-6 - 8).
-6
Evaluate 5 - 2 - (7 + 5 + -9).
0
What is (-5 - (4 - 3)) + (1 - -1)?
-4
Calculate 3 - (-3 - -4 - -1).
1
0 - (-7 + 18 - 7)
-4
Calculate 6 + -10 + 7 + -3.
0
Evaluate 3 - (1 + -2 - -1).
3
What is the value of 4 - (3 - 1) - (6 - -1)?
-5
Calculate 2 + -2 + 2 - (-1 - -4).
-1
What is (-8 + -4 - -7) + (14 - 2)?
7
11 + (-10 - (8 + -5))
-2
What is the value of (-6 - -1) + 2 + 1?
-2
Calculate 6 - (-1 + -2) - 12.
-3
What is -6 + 10 + 4 + (-4 - 4)?
0
-9 - -5 - (4 + -8 + 0)
0
What is (11 - 21 - -11) + -1 + 1?
1
What is 0 + -3 + 1 + -6 + 8?
0
Calculate (3 - 5) + 5 + 2 - 3.
2
What is 0 + (6 - 8) - (1 + -4)?
1
What is the value of -10 + 8 + (1 - 1)?
-2
What is -2 + -1 - (2 + -3 + -1)?
-1
What is 2 + -1 + -7 - -3?
-3
(5 - 2) + (0 - 1) - 4
-2
Calculate 5 + -3 + 0 + -6.
-4
What is the value of 17 + -25 - -4 - (-5 - 2)?
3
-4 + 0 + 1 - 1
-4
Evaluate 0 - (3 - 4) - -2 - 2.
1
What is the value of -1 + 1 - (2 + 5 + -10)?
3
Calculate 1 + (-13 - -7) + 8 + 2.
5
4 + -7 + 4 + 5 - 0
6
Evaluate (-4 - 0) + (-23 - -27).
0
-6 - (-11 + 5 + 0)
0
Evaluate -6 - (-1 + -7 - 2).
4
4 - ((-2 - 0) + 4)
2
What is the value of -5 - (-1 - (10 + -8))?
-2
What is the value of -2 - (-6 + 3) - 2?
-1
Evaluate 0 + -11 + 16 + -2 + -1.
2
1 + -1 - (-3 + 1)
2
Evaluate (-3 + 6 - 8) + 3.
-2
What is the value of 0 + 0 + -1 + -1?
-2
5 + 9 + -4 + -12 - -5
3
What is -2 + -2 + -60 + 58?
-6
What is 6 - (6 - (-3 + 0))?
-3
Evaluate (-1 - (4 - 0)) + 0.
-5
-4 + -5 + (9 - -2)
2
0 + 0 + -7 - (0 - 2)
-5
Evaluate (-6 - (-17 - -3)) + -4 + 1.
5
Evaluate -9 - (-2 - 2) - -2.
-3
What is the value of 3 + (-2 - ((1 - -3) + -5))?
2
Calculate 6 + 1 - (-1 + 10).
-2
What is (5 - 8) + 4 + -1?
0
What is the value of (-3 - 1) + -3 + 5?
-2
Calculate 1 + (-3 - 3 - (10 - 9)).
-6
Evaluate -4 + 2 - (-11 + 3).
6
Evaluate -7 - (6 - (-13 - -15)).
-11
-6 - -2 - (-2 + -1 - -1)
-2
What is the value of (-1 - -1) + 1 + -4 + 0?
-3
What is 2 + -2 + -4 + -3 - -3?
-4
Evaluate 5 + -1 - (7 + 0).
-3
Evaluate (6 - 3) + -3 + 2.
2
Calculate -15 + 15 + (0 - 0).
0
-1 + (1 - -4 - 5) + 5
4
Evaluate -5 - (-3 - (-4 + 3) - 3).
0
What is -5 + 3 + 8 + 0?
6
Calculate (-6 - -9) + (-1 - -3) + -11.
-6
6 - (2 - (-7 + 1))
-2
What is the value of -6 + 6 + -7 - (-1 - 14)?
8
What is 5 - (2 + 7 + -1) - -1?
-2
Evaluate (1 - -6) + -10 + 1.
-2
What is 14 + -8 + (0 - 3) + 3?
6
Evaluate (0 - (-2 + (-4 - -13))) + 3.
-4
What is -13 + (1 - -2) + -4 + 8?
-6
What is the value of (1 - 1 - -3) + (1 - -1)?
5
Calculate -11 + 12 - (-3 - 2).
6
What is 8 - (9 + (10 - 14))?
3
What is the value of (2 - -1) + 5 + -4?
4
15 + -2 - 12 - 2
-1
-3 - 3 - (-1 + (1 - 4))
-2
Evaluate -3 + 1 - 0 - (1 - 0).
-3
What is the value of 1 + (-5 + 13 - 16)?
-7
Calculate 4 - 1 - -7 - 5.
5
Evaluate (-1 - 5) + -7 + 22 + -7.
2
Calculate 0 + 9 + -2 - (-3 - -7).
3
What is the value of 0 + (-6 + 4 - 3)?
-5
What is the value of (-6 - -3) + (8 - (1 + 1))?
3
Evaluate -9 + 4 + 2 + -5 + 4.
-4
Evaluate 1 - -4 - (2 - (1 - 2)).
2
0 + -2 + 2 + (-3 - -2)
-1
0 + (-1 - 0) + (-18 - -24)
5
What is the value of -8 + 4 + 4 + (-2 - -3)?
1
What is the value of -1 + (-4 - -9) + 1?
5
-9 - (-7 - (-6 + 4 - -2))
-2
What is the value of 0 + -2 + (5 - (3 + 4))?
-4
Calculate -2 + (6 - (16 - 8)) - -2.
-2
Evaluate -3 + -7 + (3 - -5) + -4.
-6
Evaluate 3 + (-4 - (-5 - 1)).
5
(-4 - (-7 + 2)) + -9 + 4
-4
What is the value of (1 - -2) + (-3 - (-4 - 0))?
4
What is -3 + -3 + (40 - 27)?
7
What is (-2 - -6) + -10 + 1?
-5
Evaluate -1 - (-3 - (4 - 11)).
-5
What is (-2 - -7) + -7 + 4?
2
What is (6 - (4 - 9)) + -7?
4
What is the value of (-7 - (-3 - -4)) + 4?
-4
Calculate (-4 - (5 - 3)) + 8 + -5.
-3
Calculate 7 - (-5 - -12) - -3.
3
Evaluate (-3 - 2) + (-75 - -82).
2
What is the value of (3 - 1) + (-4 + -3 - -2)?
-3
Evaluate 0 - 12 - (-142 - -124).
6
-6 + -2 + -6 + 9
-5
Evaluate -3 + 2 + -9 + 5.
-5
Evaluate (1 - (11 - 7)) + 1.
-2
Evaluate -10 + (3 - -5) - (1 + -3).
0
What is -8 + 7 + -3 - (-9 - -2)?
3
What is the value of 2 - -5 - ((1 - 1) + 12)?
-5
Evaluate -6 + 5 - (1 - (-4 + 4)).
-2
-8 - (-3 + (0 - 0))
-5
What is the value of -15 - (4 + -11 - 0 - 1)?
-7
What is (7 + 2 - 14) + 3 + -1?
-3
What is -9 + (-5 - (-2 - 13))?
1
What is -10 + 5 - 5 - -21?
11
7 + 0 - (-14 + 19)
2
What is the value of (2 - 2 - (2 - 0)) + -1?
-3
Evaluate -13 + (6 - -4) + -5.
-8
Calculate 0 - (-4 - (-4 + 3)).
3
What is the value of (-1 + 6 - (21 + -15)) + 4?
3
What is (7 - -8) + -7 + -10?
-2
What is -2 + (-3 - -4 - -3)?
2
Evaluate -5 - ((-10 - 0) + 8).
-3
What is the value of -5 + -1 + 2 + 7?
3
Calculate 2 - ((3 - (0 + 3)) + 5).
-3
What is -12 - (6 + -13) - -10?
5
What is the value of -2 - (-1 + -1) - (-5 - -5)?
0
What is the value of -2 - -5 - (-7 - -3)?
7
-1 - (2 - 1) - (0 - -1)
-3
What is (3 - 0) + -2 + 2 + -7?
-4
Evaluate (-2 - 1) + -4 + 2.
-5
2 - ((7 - 4) + 1)
-2
What is 4 + (2 - (-3 - -12))?
-3
What is the value of -1 - (-1 + 6 + -8 + 6)?
-4
(-4 - 4) + -2 - (-1 + -3)
-6
Calculate -7 + (3 + 13 + -7 - -3).
5
(-7 - 1 - -14) + -9
-3
What is the value of (1 - -4) + -1 + 1 + -5?
0
What is the value of -1 + (3 - 2) + (16 - 16)?
0
What is -1 - 7 - (-10 - -6)?
-4
Evaluate 0 + 7 + (6 - 3) + -6.
4
What is the value of (-1 - (-6 - -1)) + -1 + -10?
-7
-1 + -2 - (27 + -35)
5
Evaluate (-4 - 4) + (2 - 0).
-6
Calculate -4 - (5 + -5) - -5.
1
What is the value of -6 + -1 + (-26 - -37)?
4
(-3 - (-1 + -4)) + -5 - 0
-3
Calculate (3 - -1) + 0 - (0 + 1).
3
Evaluate 5 + -4 - (5 + -3).
-1
Calculate 3 + -12 + 4 + 14.
9
Calculate -1 + 4 + (1 - 1).
3
What is the value of -14 + 6 + 6 - -1?
-1
0 - 5 - (-13 - -9) - 2
-3
What is 6 - (7 - 5 - -6)?
-2
Calculate -2 + 1 + (-1 - (-4 + -3)).
5
What is 1 + 0 - (-26 - -25)?
2
What is 5 - (1 + 5 - 4)?
3
2 + 0 + -5 + 2
-1
Evaluate -10 - (-3 - (1 - -2)).
-4
Evaluate 0 + 3 + 6 + 1 + -5.
5
What is the value of 5 - (1 + 2) - (5 + -3)?
0
What is the value of (1 - (1 - 0)) + (64 - 63)?
1
What is 4 + 0 - (4 - 5 - -8)?
-